digit of g(3)?
8
Let k = -42 + 114. What is the tens digit of k?
7
Let t(w) be the second derivative of -w**5/120 - w**4/6 + w**3/3 - w. Let u(d) be the second derivative of t(d). What is the units digit of u(-5)?
1
Let k(h) = h**3 + 13*h**2 + 14*h - 13. What is the hundreds digit of k(-10)?
1
Let l be -8 + 3/((-9)/(-6)). Let v be 218/6 + 2/l. What is the units digit of 3/2 + v/8?
6
Suppose 5 = u + 3. Suppose 4*w - 2 - u = -4*k, -k = -4*w + 4. What is the units digit of w?
1
Let t(d) = -d**2 + 10*d + 5. Let q be t(10). Let x(r) = 2*r**2 - 6*r + 5. What is the units digit of x(q)?
5
What is the units digit of 6*-6*5/(-4)?
5
Suppose -4*k = -4*s, 2*k - 5*s + 18 = 6*k. Suppose 0 = -5*v + 82 - k. Suppose 3*r - v = -4. What is the units digit of r?
4
Let p(u) be the third derivative of u**6/120 - u**5/12 + u**4/8 - u**3/6 + u**2. What is the tens digit of p(5)?
1
Let b = 4 - 5. Let t(n) = -6*n**3 + 2*n + 1. What is the units digit of t(b)?
5
Let q(a) = a**2 + a - 4. Let y be q(-3). Suppose 3*i + s = 6*i - 13, y*s = -5*i + 7. What is the units digit of i?
3
Suppose -a - 8 = -272. What is the tens digit of a?
6
Let p = -5 + 10. Suppose 5*r - 29 = -3*b, -4*b + 3 = -5*r + 11. What is the units digit of p - (r/2 - 4)?
7
Let a be 3/((-3)/(-2)) - 107. Let f be 2*(a/2)/(-5). Suppose 5*u - 57 = -3*h, u + 2*h = -h + f. What is the units digit of u?
9
Suppose 0 = -2*i - 3*n - 2, -3*i + 0*n + 2 = 2*n. What is the tens digit of 11*(-1 - i*-1)?
1
Let q = 53 - 20. What is the tens digit of q?
3
Let q(v) be the second derivative of -v**5/20 - v**3/6 - 2*v. What is the units digit of q(-3)?
0
Let p be ((-3)/(-9))/(1/9). Suppose 51 = p*i + 5*g - 24, 3*g = 9. What is the tens digit of i?
2
Suppose -1 = p + 3*j, 5*p - 5*j = -6*j + 23. Suppose a - 2*i - 50 = 0, -5*a + i - p*i = -236. What is the tens digit of a?
4
Let o(j) = 6 + 1 + j + 0*j. Let w(k) = -k**2 - 4*k - 6. Let v be w(-4). What is the units digit of o(v)?
1
Suppose 0*x - 4*x = -20. Suppose 0 = -3*g + 33 + 3. Suppose -h + 6 = 5*w, -2*h + x*w = -0*h - g. What is the units digit of h?
6
Suppose -63 = 2*w - 5. Let i = -17 - w. What is the units digit of i?
2
Let n be (3 + (-24)/9)*12. Suppose -2*a = 5*i - 135, -5 = n*i + a - 113. What is the tens digit of i?
2
Let h = 262 - 89. What is the tens digit of h?
7
Let k(h) = -6*h - 3. Let u be k(-2). Suppose 5*o = 10, 5*o + 12 = -2*d + 32. Let c = u - d. What is the units digit of c?
4
Let n(y) = 6*y + 3*y**2 + 4*y**2 - 3*y**2 + 4*y**2 + y**3 - 5. What is the units digit of n(-7)?
2
Let v(p) = -14*p + 1. Let z be v(-2). Suppose -3*i = -4*i + z. Suppose -c - 55 = -6*c + 5*h, -4*c = h - i. What is the units digit of c?
8
Suppose 10 = 5*y + 4*m - 4, -5*m = 2*y + 8. Let b(x) = x**2 - 6 + y. What is the units digit of b(2)?
4
Let v(j) = 21*j - 1. What is the units digit of v(3)?
2
Let q(k) = 2*k - 14. Let a be q(10). Let j = 0 + a. What is the units digit of j?
6
Let s(p) = -5*p**3 - 4*p**2 - 9*p - 2. Let v(o) = 2*o**3 + 2*o**2 + 4*o + 1. Let l(h) = -4*s(h) - 9*v(h). What is the units digit of l(2)?
7
Let f be 0 - ((-444)/3)/4. Let k = f + -14. What is the units digit of k?
3
Let t(x) = 10*x**2 - 4*x - 1. Let r(i) = -9*i**2 + 4*i. Let n(s) = -4*r(s) - 3*t(s). What is the tens digit of n(3)?
4
Let n(z) = -z**2 - 17*z + 5. What is the tens digit of n(-16)?
2
Let n = 106 - 50. What is the units digit of n?
6
Suppose 3*o = -3*r + 108, 2*r - 5*o = 93 + 7. What is the units digit of r?
0
Let m = -1 - 0. Let l(y) = -16*y**3 + 11*y**2 + 3*y**3 - 12*y**2 + 1 - 2*y**3 + y. What is the tens digit of l(m)?
1
Let q(g) = -g**3 + 5*g**2 - g + 7. Let h be q(5). Suppose -3*j - h*k + 6 + 1 = 0, -4*k - 4 = 0. What is the units digit of j?
3
Let i = 194 - 110. What is the tens digit of i?
8
Suppose 3*r - 124 = -r. What is the units digit of r?
1
Let c(x) = 17*x + 1. What is the tens digit of c(4)?
6
Suppose 0 = 2*p - 5*i - 77, 0*p - 2*p + i = -57. Let g = p - -10. What is the tens digit of g?
3
Let d = -5 + 11. What is the units digit of d?
6
Let l be 2/1 - (2 + -5). Suppose 0 = l*n - 183 - 42. Suppose -2*u = -7*u + n. What is the units digit of u?
9
Suppose 3*y + 10 = -5*g + 26, 37 = 5*g - 4*y. Suppose -4 = -4*f, f + 117 = g*o - 2*f. What is the units digit of o?
4
Let j(k) = 3*k**2 + 3*k - 3. Suppose 8 = 9*r - 5*r. Let c be j(r). What is the units digit of c - (-1 + 0) - 3?
3
What is the units digit of 378/4 - 3/12*-2?
5
Suppose b = -3*k + 407, -9*k + b + 673 = -4*k. What is the tens digit of k?
3
Suppose 2*s - 3*j = 101, 0*j = 4*s + 3*j - 247. What is the units digit of s?
8
Let d(g) = 28*g**2 + 4 - 4. What is the tens digit of d(1)?
2
Let i(l) = 14*l + 3. What is the units digit of i(2)?
1
Let o = 31 + 61. What is the tens digit of o?
9
Let t(i) = i**3 - 5*i**2 + 3. Let z be t(5). Suppose 6 = d + q, z*q + 42 = 3*d - 2*q. What is the units digit of d?
9
Let q = -84 - -136. What is the tens digit of q?
5
What is the units digit of (94/6)/(1/3)?
7
Let j = -16 - -11. Let s be ((-2)/j)/((-2)/40). What is the units digit of (-1 + s)/((-3)/2)?
6
Suppose -2*o + 15 = o. Suppose -2*r + 11 = -r + o*x, 3*r + x = 19. Suppose -r*g = -2*g - 3*d - 53, -60 = -4*g - 4*d. What is the tens digit of g?
1
Suppose 105 = 3*j - 0*j + 2*k, 5*k = j - 35. What is the tens digit of j?
3
Let m = 6 - -2. Suppose -5*a + m = -12. Suppose a*n + 5*l - 25 = 0, -22 = -n - 0*l + 4*l. What is the tens digit of n?
1
Suppose 0 = -l + 9. Let p = 13 - l. What is the units digit of p?
4
Let l(r) = r**3 - 5*r**2 + r + 2. Let u be l(3). Let o(p) = p**2 + 12*p - 6. What is the units digit of o(u)?
7
Let o = 29 - 18. Suppose 3*d + 1 = 4*h, -h + 3*d + 0*d = 11. Suppose -o = -h*w + 21. What is the units digit of w?
8
Suppose 0*t + t - 2 = 0. Let y = -2 + t. Suppose y = 3*u - 5*u + 8. What is the units digit of u?
4
Let z(k) = k**3 - 4*k**2 - 4. Suppose -2*d - o = -10, -5*o + 6 + 8 = d. Let j be z(d). What is the tens digit of j - -2 - (-1 - 11)?
1
Let t = 38 - 0. What is the units digit of t?
8
Let f be (-148)/8 - (-2)/4. Suppose -3*v - 128 = -7*v. Let i = f + v. What is the tens digit of i?
1
Suppose 16 = 3*f + f. What is the units digit of (259/14)/(2/f)?
7
Let l be 459/15 - 2/(-5). Let z = l + -14. What is the units digit of z?
7
What is the tens digit of 1/(-4) + 879/12?
7
Suppose -261 = -3*a + 42. What is the units digit of a?
1
Let w(p) be the first derivative of 9*p**4/2 + p**3/3 - p**2 + p + 2. Let j be w(1). Suppose 5*b = -q - 0*b + j, q + 3*b = 14. What is the units digit of q?
8
What is the units digit of (-4595)/(-35) + (-2)/7?
1
Let z(a) = 2*a + 7. Let y be z(0). Suppose -2*i + y*i - 120 = 0. What is the units digit of i?
4
Let j(k) = -k**2 - 9*k + 4. What is the units digit of j(-9)?
4
Suppose 0 = 2*w - 33 - 27. Let n = w - 21. Suppose 2*d + d - n = 0. What is the units digit of d?
3
Let t = 358 + -252. What is the hundreds digit of t?
1
Let u(k) = 4*k**3 - 3*k**2 + 2*k + 2. Suppose 5*o - 25 = 0, 0*c + 2*o = -2*c + 14. What is the units digit of u(c)?
6
Suppose -q = -4*h - 21, 40 + 65 = 3*q + 2*h. What is the units digit of q?
3
Suppose 39 + 17 = 4*a. Suppose 5*u = a + 6. What is the units digit of u?
4
Let w = -4 + 6. Let k(d) = 2*d**2 + 7*d**3 + d**3 - d**w. What is the units digit of k(1)?
9
Let t(o) = o**3 + 2*o**2 - 4*o + 1. Let b be t(-3). Suppose 3*m + r = b*r + 48, 0 = 3*m + 3*r - 78. What is the tens digit of m?
2
Let a = -14 - -16. Suppose -a*m - q = -7, -5*m + 2*m + 2*q = -21. What is the units digit of m?
5
Suppose -3*a + 410 - 14 = 0. What is the tens digit of a?
3
Let h(x) = 14*x**2 + 2*x - 1. Let c = 10 + -9. What is the units digit of h(c)?
5
Let i(p) = p**2 + 11*p. Let g be i(-9). Let q(r) = -2*r**3 - 1. Let y be q(1). What is the units digit of 8*3/g*y?
4
Suppose -c - 2*c = -4*b + 183, 0 = b + 4*c - 60. Suppose 2*u = -2*u + b. Let d = 17 - u. What is the units digit of d?
5
Suppose -10*t = -12*t + 92. What is the units digit of t?
6
Let i be 44/10 + (-12)/30. Suppose 0 = -i*z + 51 + 9. What is the tens digit of z?
1
What is the units digit of (126/(-8))/(17/(-68))?
3
Let v be (-3 - (-10 - -3)) + -2. Suppose -r = -v*r + 4. What is the units digit of 27/9*r/6?
2
Suppose -6*f = -2*f - 240. What is the units digit of f?
0
Suppose -4*u - v = -14, 2*u + 2*u - 20 = -4*v. Suppose 0 = q + 19 - 67. Suppose -u*b